{"id":41,"date":"2019-04-22T15:01:29","date_gmt":"2019-04-22T13:01:29","guid":{"rendered":"http:\/\/www.lesarmaillis-chatel.fr\/wordpress\/?page_id=41"},"modified":"2023-09-01T17:06:02","modified_gmt":"2023-09-01T15:06:02","slug":"description","status":"publish","type":"page","link":"https:\/\/www.lesarmaillis-chatel.fr\/wordpress\/","title":{"rendered":"Description de l&rsquo;h\u00f4tel"},"content":{"rendered":"\n<p class=\"has-drop-cap has-whitesmoke-color has-text-color has-background\" style=\"background-color:#4a7eb5\">Les Armaillis est un h\u00f4tel situ\u00e9 dans la station de ch\u00e2tel.\u00a0<br>Francine Simond vous accueille dans un cadre sympathique et dans la plus pure tradition montagnarde. Sa formule Bed &amp; Breakfast vous permet de d\u00e9guster en toute libert\u00e9 les richesses gastronomiques r\u00e9gionales.<\/p>\n\n\n\n<p><strong>L&rsquo;hotel est maintenant \u00e9quip\u00e9 d&rsquo;un ascensseur.<\/strong><\/p>\n\n\n\n<figure class=\"wp-block-gallery has-nested-images columns-default is-cropped wp-block-gallery-1 is-layout-flex wp-block-gallery-is-layout-flex\">\n<figure class=\"wp-block-image size-large\"><img loading=\"lazy\" decoding=\"async\" width=\"755\" height=\"855\" data-id=\"125\" src=\"http:\/\/www.lesarmaillis-chatel.fr\/wordpress\/wp-content\/uploads\/2019\/04\/enseigne2-2.jpg\" alt=\"\" class=\"wp-image-125\" srcset=\"https:\/\/www.lesarmaillis-chatel.fr\/wordpress\/wp-content\/uploads\/2019\/04\/enseigne2-2.jpg 755w, https:\/\/www.lesarmaillis-chatel.fr\/wordpress\/wp-content\/uploads\/2019\/04\/enseigne2-2-265x300.jpg 265w\" sizes=\"auto, (max-width: 755px) 100vw, 755px\" \/><\/figure>\n\n\n\n<figure class=\"wp-block-image size-large\"><img loading=\"lazy\" decoding=\"async\" width=\"681\" height=\"1024\" data-id=\"117\" src=\"http:\/\/www.lesarmaillis-chatel.fr\/wordpress\/wp-content\/uploads\/2019\/04\/DSC_0554-e1555943445139-681x1024.jpg\" alt=\"\" class=\"wp-image-117\"\/><\/figure>\n\n\n\n<figure class=\"wp-block-image size-large\"><img loading=\"lazy\" decoding=\"async\" width=\"1024\" height=\"681\" data-id=\"116\" src=\"http:\/\/www.lesarmaillis-chatel.fr\/wordpress\/wp-content\/uploads\/2019\/04\/DSC_0553-1024x681.jpg\" alt=\"\" class=\"wp-image-116\"\/><\/figure>\n\n\n\n<figure class=\"wp-block-image size-large\"><img loading=\"lazy\" decoding=\"async\" width=\"1024\" height=\"681\" data-id=\"114\" src=\"http:\/\/www.lesarmaillis-chatel.fr\/wordpress\/wp-content\/uploads\/2019\/04\/DSC_0551-1024x681.jpg\" alt=\"\" class=\"wp-image-114\"\/><\/figure>\n\n\n\n<figure class=\"wp-block-image size-large\"><img loading=\"lazy\" decoding=\"async\" width=\"1024\" height=\"768\" data-id=\"77\" src=\"http:\/\/www.lesarmaillis-chatel.fr\/wordpress\/wp-content\/uploads\/2019\/04\/20180908_145241-1-1024x768.jpg\" alt=\"\" class=\"wp-image-77\" srcset=\"https:\/\/www.lesarmaillis-chatel.fr\/wordpress\/wp-content\/uploads\/2019\/04\/20180908_145241-1-1024x768.jpg 1024w, https:\/\/www.lesarmaillis-chatel.fr\/wordpress\/wp-content\/uploads\/2019\/04\/20180908_145241-1-300x225.jpg 300w, https:\/\/www.lesarmaillis-chatel.fr\/wordpress\/wp-content\/uploads\/2019\/04\/20180908_145241-1-768x576.jpg 768w, https:\/\/www.lesarmaillis-chatel.fr\/wordpress\/wp-content\/uploads\/2019\/04\/20180908_145241-1-892x669.jpg 892w\" sizes=\"auto, (max-width: 1024px) 100vw, 1024px\" \/><\/figure>\n\n\n\n<figure class=\"wp-block-image size-large\"><img loading=\"lazy\" decoding=\"async\" width=\"1024\" height=\"681\" data-id=\"121\" src=\"http:\/\/www.lesarmaillis-chatel.fr\/wordpress\/wp-content\/uploads\/2019\/04\/DSC_0558-1024x681.jpg\" alt=\"\" class=\"wp-image-121\" srcset=\"https:\/\/www.lesarmaillis-chatel.fr\/wordpress\/wp-content\/uploads\/2019\/04\/DSC_0558-1024x681.jpg 1024w, https:\/\/www.lesarmaillis-chatel.fr\/wordpress\/wp-content\/uploads\/2019\/04\/DSC_0558-300x199.jpg 300w, https:\/\/www.lesarmaillis-chatel.fr\/wordpress\/wp-content\/uploads\/2019\/04\/DSC_0558-768x511.jpg 768w, https:\/\/www.lesarmaillis-chatel.fr\/wordpress\/wp-content\/uploads\/2019\/04\/DSC_0558-892x594.jpg 892w, https:\/\/www.lesarmaillis-chatel.fr\/wordpress\/wp-content\/uploads\/2019\/04\/DSC_0558-150x100.jpg 150w\" sizes=\"auto, (max-width: 1024px) 100vw, 1024px\" \/><\/figure>\n\n\n\n<figure class=\"wp-block-image size-large\"><img loading=\"lazy\" decoding=\"async\" width=\"1024\" height=\"681\" data-id=\"120\" src=\"http:\/\/www.lesarmaillis-chatel.fr\/wordpress\/wp-content\/uploads\/2019\/04\/DSC_0557-1024x681.jpg\" alt=\"\" class=\"wp-image-120\" srcset=\"https:\/\/www.lesarmaillis-chatel.fr\/wordpress\/wp-content\/uploads\/2019\/04\/DSC_0557-1024x681.jpg 1024w, https:\/\/www.lesarmaillis-chatel.fr\/wordpress\/wp-content\/uploads\/2019\/04\/DSC_0557-300x199.jpg 300w, https:\/\/www.lesarmaillis-chatel.fr\/wordpress\/wp-content\/uploads\/2019\/04\/DSC_0557-768x511.jpg 768w, https:\/\/www.lesarmaillis-chatel.fr\/wordpress\/wp-content\/uploads\/2019\/04\/DSC_0557-892x594.jpg 892w, https:\/\/www.lesarmaillis-chatel.fr\/wordpress\/wp-content\/uploads\/2019\/04\/DSC_0557-150x100.jpg 150w\" sizes=\"auto, (max-width: 1024px) 100vw, 1024px\" \/><\/figure>\n\n\n\n<figure class=\"wp-block-image size-large\"><img loading=\"lazy\" decoding=\"async\" width=\"1024\" height=\"307\" data-id=\"13\" src=\"http:\/\/www.lesarmaillis-chatel.fr\/wordpress\/wp-content\/uploads\/2019\/04\/1920x1440_domaine-skiable-9249-1024x307.jpg\" alt=\"\" class=\"wp-image-13\" srcset=\"https:\/\/www.lesarmaillis-chatel.fr\/wordpress\/wp-content\/uploads\/2019\/04\/1920x1440_domaine-skiable-9249-1024x307.jpg 1024w, https:\/\/www.lesarmaillis-chatel.fr\/wordpress\/wp-content\/uploads\/2019\/04\/1920x1440_domaine-skiable-9249-300x90.jpg 300w, https:\/\/www.lesarmaillis-chatel.fr\/wordpress\/wp-content\/uploads\/2019\/04\/1920x1440_domaine-skiable-9249-768x230.jpg 768w, https:\/\/www.lesarmaillis-chatel.fr\/wordpress\/wp-content\/uploads\/2019\/04\/1920x1440_domaine-skiable-9249-892x267.jpg 892w, https:\/\/www.lesarmaillis-chatel.fr\/wordpress\/wp-content\/uploads\/2019\/04\/1920x1440_domaine-skiable-9249.jpg 1920w\" sizes=\"auto, (max-width: 1024px) 100vw, 1024px\" \/><\/figure>\n<\/figure>\n\n\n\n<p>Les responsables de l&rsquo;h\u00f4tel appliquent les r\u00e8gles sanitaires en vigueur.<\/p>\n","protected":false},"excerpt":{"rendered":"<p>Les Armaillis est un h\u00f4tel situ\u00e9 dans la station de ch\u00e2tel.\u00a0Francine Simond vous accueille dans un cadre sympathique et dans la plus pure tradition montagnarde. Sa formule Bed &amp; Breakfast vous permet de d\u00e9guster en toute libert\u00e9 les richesses gastronomiques r\u00e9gionales. L&rsquo;hotel est maintenant \u00e9quip\u00e9 d&rsquo;un ascensseur. Les responsables de l&rsquo;h\u00f4tel appliquent les r\u00e8gles sanitaires [&hellip;]<\/p>\n","protected":false},"author":1,"featured_media":0,"parent":0,"menu_order":0,"comment_status":"closed","ping_status":"closed","template":"","meta":{"footnotes":""},"class_list":["post-41","page","type-page","status-publish","hentry"],"_links":{"self":[{"href":"https:\/\/www.lesarmaillis-chatel.fr\/wordpress\/wp-json\/wp\/v2\/pages\/41","targetHints":{"allow":["GET"]}}],"collection":[{"href":"https:\/\/www.lesarmaillis-chatel.fr\/wordpress\/wp-json\/wp\/v2\/pages"}],"about":[{"href":"https:\/\/www.lesarmaillis-chatel.fr\/wordpress\/wp-json\/wp\/v2\/types\/page"}],"author":[{"embeddable":true,"href":"https:\/\/www.lesarmaillis-chatel.fr\/wordpress\/wp-json\/wp\/v2\/users\/1"}],"replies":[{"embeddable":true,"href":"https:\/\/www.lesarmaillis-chatel.fr\/wordpress\/wp-json\/wp\/v2\/comments?post=41"}],"version-history":[{"count":14,"href":"https:\/\/www.lesarmaillis-chatel.fr\/wordpress\/wp-json\/wp\/v2\/pages\/41\/revisions"}],"predecessor-version":[{"id":270,"href":"https:\/\/www.lesarmaillis-chatel.fr\/wordpress\/wp-json\/wp\/v2\/pages\/41\/revisions\/270"}],"wp:attachment":[{"href":"https:\/\/www.lesarmaillis-chatel.fr\/wordpress\/wp-json\/wp\/v2\/media?parent=41"}],"curies":[{"name":"wp","href":"https:\/\/api.w.org\/{rel}","templated":true}]}}